*k(y). Give f(1).
6
Suppose -78*p = -75*p. Let u(m) = 6*m + 8. Let a(h) = -7*h - 7. Let j(w) = 5*a(w) + 6*u(w). Calculate j(p).
13
Let t be 4/6*(-45)/(-60). Let v(w) be the first derivative of -6 + 0*w - t*w**2. Calculate v(4).
-4
Let i(r) be the third derivative of r**6/120 + r**5/20 - r**4/6 - r**3/2 + r**2. Suppose z - 8 = 3. Suppose -4*s + 4 = 4*y + 8, -y - 5*s = -z. Calculate i(y).
-3
Let i(k) = -5 + 2*k - 6 - 2 + 4. Let j = -1 - -7. Determine i(j).
3
Let y(n) = -26*n + 1. Suppose -4*d = -77 + 81. Give y(d).
27
Let s(n) = n + 2. Let m(b) = -1. Let f(h) = 4*m(h) + s(h). Let y(j) = -j + 1. Let t(l) = 7*f(l) + 6*y(l). Determine t(0).
-8
Let r = -28 + 34. Let c(h) = -5*h + 1. Let f(n) = 6*n - 1. Let j(k) = r*f(k) + 7*c(k). Give j(-1).
0
Suppose 0 = 3*f + 6 - 18. Let g(d) = d**2 - 4*d - 4. What is g(f)?
-4
Suppose n + 6*m = 8*m - 2, 5*n + 4*m = -24. Let p(j) = -4*j - 6. What is p(n)?
10
Let j = 31 - 25. Let x(h) = 0*h - 10 + 12 - j + 4*h. What is x(3)?
8
Suppose 0 = -2*y - 717 + 711. Let b(t) = -t**3 - t**2 + 7*t + 8. Calculate b(y).
5
Let p(r) be the third derivative of r**4/12 - 3*r**3/2 - 7*r**2. Let x(l) = -6*l + 26. Let f(d) = 17*p(d) + 6*x(d). Calculate f(6).
-9
Let x(i) = -2 + 8*i + 4 + 7 - 4 - 3. Give x(1).
10
Let k(t) = -t**2 - 9*t - 6. Let i(l) = 2*l - 4*l**2 + 9 - 34 - 38*l. Let x(w) = 2*i(w) - 9*k(w). Give x(-8).
-4
Let i(w) = 4*w - 2*w**3 + 3*w**3 - 10 - 6*w**2 + 4. Suppose 2*q + 36 = 5*o, -o = -3*q - 20 + 5. Determine i(o).
18
Let a(p) be the third derivative of p**5/30 + p**4/4 - 7*p**3/6 + p**2. Let g = 857 - 862. Give a(g).
13
Let r(u) = 13 - 312*u**2 + 3*u**3 + 11 - 2*u**3 + 2*u + 323*u**2. What is r(-11)?
2
Suppose 97 = 3*w - 5*a, -w + 5*w - 140 = -4*a. Let y = -28 + w. Let v(g) = -g**2 + 10*g - 9. Give v(y).
15
Let w be (3/(-15))/(4/(-50)). Let m(o) be the first derivative of -w*o**2 + 0*o - 10. What is m(-2)?
10
Let h(i) be the second derivative of i**4/12 + 5*i**3/6 + 3*i**2/2 - 17*i. Let q be h(-3). Let w(l) = -2*l**2 - 4*l - 1. What is w(q)?
-7
Let g(n) = 10*n + 40. Let o(x) = 22*x + 80. Let t(d) = -5*g(d) + 2*o(d). Calculate t(-8).
8
Suppose 0*q - 20 = -q - y, 3*y = -2*q + 44. Let i = q - 15. Let n(p) = -18*p. Determine n(i).
-18
Let c be 6/(-2) + (-8 - -7). Suppose m - 2 = -4, -5*g = -5*m - 20. Let k(x) = g*x - 7 + 0*x**3 - x**3 - 3*x**2 + 2. Determine k(c).
3
Let v(a) = -3*a - 3. Let t be v(4). Let g = t + 13. Let l(w) = 6*w**2 + 2*w + 1. What is l(g)?
21
Suppose -11 = -3*f - 2. Let c(d) = -d**2 - 4*d**2 + d**2 + 7 + 3*d**2 + f*d. Calculate c(6).
-11
Let v(b) = 105*b + 40. Let m(x) = 8*x + 3. Let y(s) = -40*m(s) + 3*v(s). Let t(c) = c + 1. Let j(n) = -4*t(n) - y(n). What is j(7)?
3
Let i(p) = -p**2 + 0*p + 0*p**2 - 6*p - 22 + 19. Calculate i(-6).
-3
Let f(r) = -3 - 6 + r**3 - 4*r + 8 + 4*r**2. Calculate f(-5).
-6
Let z(u) = u + 6. Suppose -5*q - 1 = -6. Let w be (-3)/((-1)/(1/q)). Let v be (-6)/(w + -6) + -2. Determine z(v).
6
Let j(h) be the second derivative of -1/12*h**4 - 5/6*h**3 + h - 3/2*h**2 + 0. Let z(t) = -t**3 - 5*t**2 - 6*t - 13. Let u be z(-4). Determine j(u).
-3
Suppose -12*x + 63*x = -153. Let b(c) = 0*c**2 + 2 - 8*c - c**2 - 4. Determine b(x).
13
Let b be ((-2)/(-4))/(1/10). Let d(z) = -4*z + 5. Let n(u) = 35*u**2 - 23*u**2 - 13*u**2 + u. Let o(c) = d(c) - n(c). Calculate o(b).
5
Let x be (110/15 + -7)/((-3)/(-27)). Let p(s) be the first derivative of -5/3*s**x - s + s**2 - 3. Determine p(1).
-4
Let z(r) = -r**2 - r - 8. Let y(w) = -2*w**2 - 2*w - 17. Suppose u = -2*u + 15. Let f(p) = u*z(p) - 3*y(p). Give f(0).
11
Let i(a) = -15*a - 5 + 20 - 6*a**2 + 3*a**2. Let r(x) = 2*x**2 + 10*x - 10. Let u(j) = 5*i(j) + 7*r(j). Let g = 1 + -8. What is u(g)?
-9
Let p(u) = 31*u - 1. Let o be p(1). Suppose 3*r = -2*r - o. Let l be 3/(-1)*(r - -5). Let b(d) = d**3 - 2*d**2 - 4*d + 3. Determine b(l).
0
Let y = 1005 - 1001. Let p(g) = 2*g**2 - 4*g - 3. What is p(y)?
13
Let u(c) = c**3 + c**2 + 2*c + 1. Let j be (-2*1)/(4/(-10)). Suppose -2 = -4*p + 5*v, 0 = -3*p - 4*v + 16 + 1. Suppose p - j = w. Calculate u(w).
-7
Let g(p) be the third derivative of 1/12*p**4 + 0*p + 26*p**2 + 0*p**3 + 0. Give g(-5).
-10
Suppose -o + 2*o - 8 = 2*r, -28 = -5*o + 4*r. Let x(i) be the second derivative of -i**4/12 + 5*i**3/6 - 3*i**2/2 - 2*i + 63. Calculate x(o).
1
Let k(a) = -a**2 + 6*a + 7. Let n be 5/(45/(-6)) - (-115)/15. Let i be 2/8*(n + -9)*-14. Determine k(i).
0
Suppose 5*n + 17 = n + 5*u, -4*u + 26 = 3*n. Let f(h) = 5*h - 9*h - n*h - 3. Give f(-2).
9
Let q(n) = n**2 - 5*n - 9. Let t be q(9). Suppose -4*f - 5*l = -t, 2*f = -0*f + 2*l. Suppose -8*k = -f*k. Let p(r) = -r**3 - r - 2. What is p(k)?
-2
Let h(v) = -4*v**3 + 3*v**2 + 1. Let k(c) = c**3 + c - 1. Let l(b) = h(b) + 3*k(b). Suppose 2*j = -0*j + 32. Let y be 4/j - 33/(-12). What is l(y)?
7
Suppose -886 = 13*k - 795. Let l(i) = 6*i - 2*i + 7 + 4*i**2 - 3*i**2 + 4*i. Give l(k).
0
Let r(o) = -7*o**3 + 4*o**3 + 2 + o + 5*o**3 - 3*o**3 + 0*o**3 - 11*o**2. What is r(-11)?
-9
Let c(u) = -28*u + 79. Let v(n) = 5*n - 15. Let t(p) = -2*c(p) - 11*v(p). Let k = 7 + -10. What is t(k)?
4
Suppose 0 = 3*p - 12 - 3, 4*i - p = -41. Let g = i + 6. Let l(t) = -t**2 - 3*t - 1. What is l(g)?
-1
Suppose 5*l - 4*n = -6*n + 9, 0 = l - n + 1. Let u(t) = -18*t - 35. Let r(i) = -53*i - 96. Let w(x) = 4*r(x) - 11*u(x). Give w(l).
-13
Let k(c) = -18*c**2 + 33*c - 15. Let p(a) = -7*a**2 + 16*a - 7. Let o(v) = -2*k(v) + 5*p(v). What is o(-11)?
-38
Let v(a) be the second derivative of a**4/24 - a**3/6 - 6*a**2 - 6*a. Let f(c) be the first derivative of v(c). Determine f(2).
1
Let l(p) = 3*p**2 + 5*p + 4. Let d be l(-2). Let a be (d/4)/((-1)/(-6)). Let t(q) = -q**2 + 4*q + 2 + a - 18 + 10. Determine t(3).
6
Let c = -48 - -57. Suppose c*a - 2*a = -9*a. Let i(k) = -k**2 - 3*k + 7. Let u(z) = z**2 + 2*z - 7. Let b(v) = -2*i(v) - 3*u(v). Give b(a).
7
Let n(q) be the second derivative of -15*q + 0 - 3/2*q**2 + q**3. Give n(2).
9
Suppose -i - 5 + 9 = 0. Suppose 4*k - 16 = -i*f, -3*f + 2 = 3*k - 5*k. Let w(x) = 2*x**2 - 3*x. What is w(k)?
2
Let w(u) = 2*u**3 - 20*u**2 - 2*u + 3. Let d(l) = 3*l**3 - 31*l**2 - 3*l + 4. Let y(q) = -5*d(q) + 8*w(q). Calculate y(5).
-1
Let l be (4 + (-55)/15)*0/2. Let d(i) be the third derivative of 2*i**2 + 0*i + 0 + 0*i**4 + 1/3*i**3 - 1/60*i**5. Determine d(l).
2
Suppose -3*q = 2*n, -2*n + 6*n = -3*q. Let x(g) = g**3 + 14*g**2 + 19*g - 54. Let r be x(-12). Let l = r - q. Let f(v) = v - 2. What is f(l)?
4
Let v(c) be the first derivative of c**5/60 - c**4/3 + 5*c**3/6 + 15*c**2 + 5. Let u(r) be the second derivative of v(r). What is u(5)?
-10
Let c(z) = 3*z - 6. Let t be (17 + -6 + 1)*(-4)/(-6). Suppose 5*k = 12 + t. Calculate c(k).
6
Let r(a) = 2*a**2 - 2*a**3 - 28 - a**2 - 24 + 43 + a**3. What is r(0)?
-9
Let x(l) = -l**3 + 4*l**2 + 2*l + 15. Let p be x(5). Let m be (1 - p)/((-9)/54). Let w(t) = t**3 + 5*t**2 - 6*t - 1. What is w(m)?
-1
Suppose 8*l + 7 = 11*l - 2*f, 4*l + 5*f = -6. Suppose -5*i + 10 = -5*q, -q + 20 = q + 4*i. Let s(j) = 2*j**2 - 5*j**q - 1 - 3*j**2. Calculate s(l).
-7
Let i(a) be the first derivative of -3*a**2/2 - 11*a + 118. Determine i(-4).
1
Let d = -5 - -9. Suppose -2 = 5*f + 4*s + 8, -f + d*s + 22 = 0. Let b(m) = 17 - 19 + 2*m + 406*m**3 - 3*m - 405*m**3. Determine b(f).
4
Let z(p) be the second derivative of -2/3*p**3 + 2*p**2 + 5/12*p**4 + 0 - 1/20*p**5 + 28*p. Determine z(5).
-16
Suppose -14 = -5*w + 2*r, r = -3*w + 2 + 2. Let i(k) = k + 1 + w*k + 2*k - 4*k. What is i(-7)?
-6
Let m be (((-64)/(-24))/(-8))/((-1)/(-6)). Let v(n) = 4*n + 3. Calculate v(m).
-5
Let x be (29 - 25 - 12)*(-2)/(-4). Let v(t) = -t + 1 - 2 + 0. Give v(x).
3
Let k be 20/(-9 + 5) + 6. Let n = 8 - 3. Let v(m) = -2 + n*m**2 - 13*m**2 + 1 + m. Calculate v(k).
-8
Let d(y) be the third derivative of -y**5/60 - 11*y**4/24 - 7*y**3/3 + 97*y**2. Determine d(-10).
-4
Let a(p) = -p - 2. Let o be (-26)/10 + (-54)/(-90). Let z be (o/(-3) - (-2)/6) + -7. Determine a(z).
4
Let m(j) be the first derivative of 2 - 1/4*j**4 - j**2 + 2/3*j**3 - 2*j. Suppose 3*v = 2*i - 6*i + 14, 2*i = 2*v. What is m(v)?
-6
Let q(j) = -15*j + 11. Let b be (-5)/30 + 70/(-12). Let k(p) = 7*p - 5. Let x(c) = b*q(c) - 13*k(c). Determine x(6).
-7
Suppose 3*y = s - 10, -17*s + 15*s = 4. Let d(h) = -h**3 - 3*h**2 + 6*h + 3